hat is 212011 (base 3) in base 12?
441
-464 (base 12) to base 13
-3b2
Convert 10203 (base 4) to base 8.
443
Convert -1159 (base 10) to base 7.
-3244
-3232 (base 6) to base 7
-2105
Convert -1021110 (base 3) to base 11.
-776
What is -21131 (base 5) in base 4?
-112020
1001111011010111 (base 2) to base 6
512131
What is -5438 (base 10) in base 13?
-2624
What is 212 (base 4) in base 14?
2a
Convert -22772 (base 11) to base 14.
-bd9c
41 (base 12) to base 8
61
1ced (base 16) to base 9
11137
Convert -111001111010 (base 2) to base 3.
-12002021
43343 (base 6) to base 10
5967
14a54 (base 12) to base 16
71e0
Convert -140 (base 15) to base 5.
-2120
Convert -1a739 (base 11) to base 7.
-150040
What is 400 (base 14) in base 6?
3344
3624 (base 8) to base 15
895
What is 2355 (base 6) in base 8?
1077
What is -11301320 (base 4) in base 6?
-301332
Convert -10021000 (base 4) to base 7.
-100306
1911 (base 14) to base 2
1000110101011
11100010 (base 2) to base 6
1014
11031 (base 8) to base 15
158d
Convert -12031 (base 7) to base 3.
-11021011
What is -1024 (base 6) in base 15?
-107
10031131 (base 4) to base 2
100001101011101
-237 (base 9) to base 7
-400
Convert 20022 (base 3) to base 9.
208
Convert 3008 (base 10) to base 11.
2295
Convert -2349 (base 13) to base 15.
-170c
Convert 2102 (base 4) to base 15.
9b
Convert -121 (base 14) to base 6.
-1013
12212 (base 4) to base 2
110100110
Convert 3535 (base 8) to base 3.
2120211
Convert 3117 (base 13) to base 3.
100022010
26201 (base 7) to base 14
2771
What is 835 (base 9) in base 3?
221012
What is 10230 (base 6) in base 3?
1220100
What is -4c (base 13) in base 10?
-64
-644 (base 16) to base 12
-b18
130331 (base 5) to base 12
2b43
Convert 13347 (base 15) to base 12.
2b704
Convert -4075 (base 16) to base 14.
-6029
-4047 (base 9) to base 12
-1867
What is -5986 (base 12) in base 3?
-111202210
What is 1137 (base 9) in base 5?
11334
What is -12110122 (base 3) in base 15?
-12ab
What is -338 (base 15) in base 7?
-2060
What is 33131103 (base 4) in base 15?
13b60
Convert -2204 (base 5) to base 3.
-102021
Convert -212300 (base 4) to base 10.
-2480
-7a8 (base 11) to base 12
-685
What is 204322 (base 8) in base 10?
67794
What is -d4d (base 15) in base 3?
-11010001
What is 1522 (base 12) in base 13?
1184
193 (base 10) to base 4
3001
Convert -17656 (base 8) to base 9.
-12111
Convert -17c9 (base 16) to base 12.
-3635
1111111110 (base 2) to base 9
1355
What is 1342 (base 8) in base 10?
738
What is -20130 (base 9) in base 5?
-410410
a02a (base 11) to base 3
200022011
-767 (base 8) to base 4
-13313
7524 (base 8) to base 12
2330
Convert -41022 (base 9) to base 12.
-13755
What is -2162 (base 7) in base 14?
-3d9
Convert -5c (base 14) to base 10.
-82
Convert 4c (base 15) to base 10.
72
Convert 114515 (base 6) to base 5.
311002
What is 4246 (base 15) in base 14?
5172
What is -19a0 (base 13) in base 15?
-1218
Convert 354225 (base 6) to base 8.
74051
Convert -25233 (base 6) to base 16.
-eb5
Convert -4055 (base 6) to base 11.
-748
-2120 (base 7) to base 11
-621
What is -220331 (base 6) in base 14?
-6931
Convert 3210230 (base 4) to base 16.
392c
What is 264 (base 9) in base 14?
11a
What is 210303 (base 4) in base 5?
33410
What is -3530 (base 7) in base 2?
-10100001111
Convert -293 (base 11) to base 14.
-1a8
Convert 10011011 (base 2) to base 11.
131
6408 (base 15) to base 16
52a6
What is -1011111011 (base 2) in base 7?
-2140
What is 5a98 (base 14) in base 5?
1001224
Convert -4301 (base 5) to base 8.
-1100
e0 (base 15) to base 9
253
1241 (base 7) to base 12
332
Convert 1010111 (base 2) to base 13.
69
What is 3811 (base 9) in base 14?
1073
What is -342344 (base 5) in base 4?
-2333000
92a (base 11) to base 10
1121
Convert 22298 (base 12) to base 6.
545512
What is -3713 (base 8) in base 7?
-5550
Convert -310110 (base 4) to base 12.
-1b30
-4032342 (base 5) to base 3
-10021210010
-110001111 (base 2) to base 8
-617
Convert 22765 (base 9) to base 3.
202212012
5c8 (base 14) to base 9
1524
4242 (base 9) to base 13
1559
What is 68 (base 9) in base 3?
2022
What is -12456 (base 9) in base 14?
-30b8
Convert -112601 (base 7) to base 4.
-10323131
-3312 (base 6) to base 10
-764
What is 16400 (base 7) in base 3?
20101102
Convert 1100 (base 8) to base 15.
286
What is -24a (base 12) in base 14?
-1aa
-4216 (base 7) to base 11
-1129
37b (base 13) to base 5
4414
Convert 14369 (base 13) to base 10.
37943
-429 (base 13) to base 16
-2c7
Convert 116ca (base 15) to base 4.
31203310
-10000 (base 6) to base 2
-10100010000
-2100012 (base 3) to base 14
-89c
Convert 1012011001 (base 3) to base 13.
a88b
Convert -332031 (base 4) to base 2.
-111110001101
What is 4a (base 14) in base 3?
2110
What is 1227 (base 11) in base 8?
3102
10101222 (base 3) to base 14
c95
Convert 10011000010101011 (base 2) to base 8.
230253
What is 134a (base 15) in base 2?
1000000011000
What is 31014 (base 5) in base 14?
a37
What is 112 (base 13) in base 12?
134
Convert 5753 (base 12) to base 16.
25ef
Convert -25402 (base 6) to base 3.
-12020102
What is -14 (base 6) in base 4?
-22
What is -b2aa (base 15) in base 10?
-37735
1356 (base 7) to base 2
1000010011
Convert -7689 (base 10) to base 15.
-2429
15090 (base 10) to base 2
11101011110010
What is 221012102 (base 3) in base 13?
8492
-11201 (base 3) to base 9
-151
Convert -10001010001101 (base 2) to base 9.
-13117
Convert 6cb (base 14) to base 8.
2513
-34025 (base 9) to base 6
-252422
What is cb (base 13) in base 6?
435
19cd (base 15) to base 5
134333
Convert -3644 (base 7) to base 11.
-1022
What is -11302 (base 5) in base 14?
-431
What is 271 (base 12) in base 15?
19d
Convert -5ad (base 15) to base 11.
-a71
What is -cc81 (base 13) in base 3?
-1110002110
Convert 366 (base 8) to base 14.
138
What is 432 (base 10) in base 13?
273
-3424 (base 10) to base 5
-102144
2012213 (base 4) to base 13
3bc9
-125 (base 11) to base 6
-404
What is 1110011010001 (base 2) in base 5?
214002
671 (base 11) to base 10
804
What is -1761 (base 10) in base 5?
-24021
Convert 1124 (base 9) to base 6.
3504
Convert -110111010 (base 2) to base 14.
-238
What is -110011001 (base 2) in base 3?
-120011
What is -4713 (base 16) in base 12?
-a643
Convert -268 (base 9) to base 8.
-340
What is 325434 (base 6) in base 7?
142126
-7c0 (base 16) to base 4
-133000
What is -22123100 (base 4) in base 13?
-1658c
-112222102 (base 3) to base 9
-15872
Convert -2112 (base 6) to base 9.
-578
-5336 (base 8) to base 2
-101011011110
Convert -14b9 (base 14) to base 9.
-5051
Convert -55214 (base 8) to base 4.
-11222030
-1883 (base 9) to base 11
-1100
53b (base 12) to base 6
3315
-6b (base 14) to base 6
-235
-2735 (base 11) to base 14
-1415
36615 (base 10) to base 15
acb0
What is 32b5 (base 15) in base 9?
15658
129 (base 12) to base 8
261
2100122 (base 3) to base 6
11542
36153 (base 7) to base 13
4341
bb3 (base 12) to base 16
6b7
-2f5 (base 16) to base 3
-1001001
Convert 847 (base 9) to base 13.
412
2713 (base 9) to base 14
a57
What is -1c6 (base 14) in base 12?
-26a
-90 (base 12) to base 13
-84
Convert 8055 (base 13) to base 14.
6606
What is -2200322 (base 4) in base 12?
-5b62
Convert -11f1 (base 16) to base 7.
-16251
Convert -6351 (base 11) to base 14.
-30c5
Convert 130313 (base 4) to base 11.
142a
-700 (base 8) to base 11
-378
Convert 1000 (base 6) to base 16.
d8
2424 (base 7) to base 9
1210
-79 (base 14) to base 11
-98
123321 (base 4) to base 8
3371
Convert 114 (base 10) to base 13.
8a
Convert -40311 (base 6) to base 10.
-5299
Convert 62565 (base 7) to base 11.
10616
Convert -2686 (base 12) to base 13.
-2022
2438 (base 9) to base 3
2111022
23000 (base 4) to base 13
422
1241 (base 8) to base 6
3041
31 (base 11) to base 15
24
What is 1010111001101 (base 2) in base 13?
2704
Convert 54532 (base 6) to base 7.
30665
What is -14454 (base 6) in base 13?
-10ab
30101 (base 4) to base 3
1002002
-c6 (base 15) to base 12
-136
-143 (base 7) to base 14
-5a
Convert -a263 (base 11) to base 3.
-200200111
What is 11656 (base 14) in base 7?
234436
Convert 47b (base 12) to base 11.
560
Convert 1501 (base 7) to base 16.
24d
3603 (base 9) to base 6
20220
What is -111111111100 (base 2) in base 5?
-112332
Convert 1020020022 (base 3) to base 15.
72a2
What is 3024 (base 6) in base 2?
1010011000
Convert 1312 (base 4) to base 12.
9a
Convert -15356